f**2 + 2064*f + 178. Determine a(230).
-1202
Let h(k) = 21*k**3 - 6*k**2 + k + 4. What is h(1)?
20
Let q(r) = -31466*r + 251725. Give q(8).
-3
Let p(i) = -56*i**2 + 5658*i - 26882. Determine p(5).
8
Let y(g) = -8118*g - 4416103. Determine y(-544).
89
Let g(q) = -20*q**3 - q**2 - 1087*q - 4369. Give g(-4).
1243
Let p(g) = -g**3 + 18*g**2 - 52*g + 136. Calculate p(6).
256
Let p(j) = -4*j**3 - 105*j**2 - 643*j + 248. What is p(-16)?
40
Let u(c) = 194*c - 1771. Give u(18).
1721
Let p(u) = 911*u**2 + 624016*u - 13019. What is p(-685)?
-4
Let f(x) = -638*x - 25568. Determine f(-41).
590
Let l(p) = 174*p**2 + 104*p + 12. Calculate l(-1).
82
Let a(x) = 7*x - 384. Calculate a(51).
-27
Let w(p) = 578*p**2 - 63*p + 62. Calculate w(1).
577
Let h(t) = 4808*t - 67318. Determine h(14).
-6
Let z(q) = 159*q**3 + 17*q**2 + 24*q - 20. Calculate z(-2).
-1272
Let w(u) = u**3 + 260*u**2 - 18437*u + 2278. Give w(-318).
52
Let i(c) = c**3 - 29*c**2 + 254*c - 851. Give i(18).
157
Let t(z) = -2*z**2 + 467*z - 15920. Give t(192).
16
Let i(x) = x**2 + 13709*x + 464943. Give i(-34).
-7
Let k(r) = -r**3 - 22*r**2 + 41*r + 1361. Give k(-21).
59
Let o(f) = -323*f**2 - 19391*f - 667. Calculate o(-60).
-7
Let l(b) = -15944*b + 31901. Give l(2).
13
Let v(u) = u**3 - 18*u**2 - 210*u + 3868. Calculate v(17).
9
Let g(m) = 22*m**2 - 331*m - 1034. Give g(-3).
157
Let j(s) = -2*s**3 - 65*s**2 + 848*s + 22. Give j(10).
2
Let s(c) = 9*c**3 + 64*c**2 + 18*c - 16. Determine s(-7).
-93
Let d(x) = 11*x**3 + 1000*x**2 + 902*x + 150. Calculate d(-90).
-30
Let y(o) = 18*o**3 + 4*o**2 + 845*o + 842. What is y(-1)?
-17
Let j(w) = 15726*w + 267374. What is j(-17)?
32
Let n(g) = -g**3 - 132*g**2 - 1852*g + 314. Calculate n(-116).
-150
Let x(d) = 7318*d - 153656. Calculate x(21).
22
Let u(x) = x**3 - 56*x**2 - 246*x + 181. What is u(60)?
-179
Let x(h) = 1594*h**2 + 113046*h - 9082. What is x(-71)?
6
Let z(i) = -300*i + 6825. Give z(19).
1125
Let j(o) = 6*o**2 + 472*o - 471. Determine j(1).
7
Let w(n) = -2*n**3 + 413*n**2 - 605*n + 82210. Give w(206).
16
Let u(b) = -4*b**2 + 76*b + 1234. What is u(-14)?
-614
Let n(x) = 5*x**2 - 170*x + 92. Calculate n(33).
-73
Let f(w) = w**3 - 213*w**2 - 674*w + 5671. Determine f(216).
55
Let u(x) = x**3 - 139*x**2 - 84*x + 11841. What is u(139)?
165
Let d(t) = 11881*t - 178358. Give d(15).
-143
Let v(w) = -73434*w + 587444. Determine v(8).
-28
Let o(n) = -33*n + 4573. Determine o(125).
448
Let u(f) = f**2 - 44533*f - 712781. Give u(-16).
3
Let z(g) = g**2 - 218*g + 1781. Calculate z(9).
-100
Let b(n) = 508*n - 31814. What is b(64)?
698
Let a(s) = -833*s + 19893. Determine a(24).
-99
Let x(v) = 9212*v + 5241625. What is x(-569)?
-3
Let l(k) = -15143*k + 6632640. What is l(438)?
6
Let p(q) = 4*q**2 + 1892*q - 49866. What is p(25)?
-66
Let b(x) = 249*x + 6254. What is b(-25)?
29
Let h(i) = 1461289*i + 36532233. What is h(-25)?
8
Let c(b) = 59*b - 203. Calculate c(3).
-26
Let b(k) = -1153*k - 5659. What is b(-5)?
106
Let t(m) = 3*m**2 + 509*m + 15981. Give t(-128).
-19
Let f(o) = -45621*o + 91226. Determine f(2).
-16
Let p(y) = -102*y**3 + y**2 + 455*y - 17. Determine p(0).
-17
Let t(i) = -53*i**2 + 1538*i - 20. Calculate t(29).
9
Let x(a) = -a**3 - 2*a**2 - 15*a + 10. Calculate x(0).
10
Let p(t) = -t**3 + 246*t**2 - 8650*t - 16039. Calculate p(203).
-2
Let b(n) = n**3 + 5*n**2 - 879*n - 535. Calculate b(28).
725
Let g(i) = -i**3 - 342*i**2 - 14451*i - 99639. Give g(-294).
27
Let u(g) = 614*g - 5468. Give u(7).
-1170
Let f(j) = -2492*j - 2621. Determine f(-1).
-129
Let s(t) = 2189*t + 6599. Calculate s(-2).
2221
Let t(r) = -701*r + 268409. What is t(383)?
-74
Let j(w) = w**2 - 2575*w + 12868. What is j(5)?
18
Let b(x) = -x**2 - 26*x - 258. What is b(-10)?
-98
Let a(b) = 37609*b + 676716. Determine a(-18).
-246
Let m(x) = -x**3 + 68*x**2 - 494*x - 2188. Give m(59).
-5
Let n(r) = -26*r + 3450. Calculate n(179).
-1204
Let t(z) = 67*z**2 - 3947*z - 191. Determine t(59).
163
Let u(p) = -3*p**2 - 1076*p + 81145. Give u(64).
-7
Let u(m) = -20*m**3 - 26*m**2 + 61*m + 8. Give u(2).
-134
Let n(g) = 124*g**2 + 36738*g + 10064. Give n(-296).
0
Let r(a) = a**2 + 47*a - 46340. Determine r(-242).
850
Let x(m) = -12561*m + 50341. Give x(4).
97
Let r(t) = t**3 + 2*t**2 - 931*t + 900. Determine r(-32).
-28
Let u(l) = 2*l**2 - 90*l - 7708. Determine u(-44).
124
Let m(f) = -3063*f + 1945007. Give m(635).
2
Let k(n) = -869*n + 159902. What is k(184)?
6
Let y(p) = -2*p**2 - 226*p + 2458. What is y(-123)?
-2
Let x(h) = -29*h**3 - 2791*h**2 + 7926*h + 597. Give x(-99).
3
Let v(q) = -q**3 - 353*q**2 - 2755*q + 1913. Determine v(-345).
188
Let y(j) = -27672*j + 968511. Calculate y(35).
-9
Let l(g) = -11*g**3 + 7348*g**2 + 51980*g - 3381. Calculate l(675).
-6
Let k(n) = -144*n + 12606. Give k(88).
-66
Let q(p) = -8*p**3 - 487*p**2 - 877*p + 443. Determine q(-59).
-29
Let h(r) = 963*r + 8607. Determine h(-11).
-1986
Let u(j) = 2*j**2 + 1066*j + 125973. Calculate u(-177).
-51
Let u(t) = -2*t**3 - 701*t**2 + 2136*t - 121074. Determine u(-354).
-6
Let z(o) = -148*o - 1149. Determine z(-6).
-261
Let f(i) = 13*i**2 + 154*i - 1021. Determine f(-17).
118
Let a(p) = 34*p**2 - 3500*p - 7351. What is a(105)?
-1
Let t(u) = 168*u**2 + 4182*u - 159. Calculate t(-25).
291
Let t(r) = 879*r + 26388. Give t(-30).
18
Let q(b) = b**3 - 446*b**2 - 1792*b - 3604. Calculate q(450).
-4
Let q(t) = -17*t**2 - 21412*t + 21414. Determine q(1).
-15
Let p(m) = -7*m**3 + 21*m**2 + 51*m - 149. Calculate p(3).
4
Let j(h) = h**3 - 703*h**2 + 6908*h + 104. Give j(10).
-116
Let g(o) = -373*o + 36902. What is g(98)?
348
Let d(p) = 950*p**3 + 46*p**2 + 9*p - 6. Determine d(1).
999
Let y(h) = h**2 + 93*h - 4242. Calculate y(35).
238
Let x(a) = 3474*a + 41859. What is x(-12)?
171
Let y(m) = 71*m - 2942. What is y(33)?
-599
Let q(i) = -4*i**3 + 402*i**2 - 2094*i + 375. Calculate q(95).
-5
Let n(u) = 71*u**2 + 4963*u - 491. What is n(-70)?
-1
Let g(l) = 132*l**2 + 14978*l + 7022. What is g(-113)?
16
Let u(d) = -4215*d + 8559. What is u(3)?
-4086
Let i(x) = -258*x - 15881. What is i(-60)?
-401
Let v(b) = 2*b**2 + 301650*b - 3318396. Calculate v(11).
-4
Let q(v) = -3*v**2 + 282*v + 1718. Determine q(114).
-5122
Let m(f) = 24090*f + 1903040. Give m(-79).
-70
Let d(g) = g**2 - 5355*g - 161532. Give d(-30).
18
Let n(a) = a**2 + 1486*a - 14971. What is n(10)?
-11
Let k(i) = 5*i**3 - 1521*i**2 + 283*i + 6080. Determine k(304).
-304
Let i(o) = -7*o**3 - 39*o**2 - 22*o - 52. Give i(-7).
592
Let d(g) = 20*g**2 - 633*g - 2332. What is d(35)?
13
Let h(u) = -16*u**3 + u**2 - u + 214. Give h(0).
214
Let a(m) = 88484*m - 265438. Determine a(3).
14
Let n(w) = 298*w**2 + 63917*w + 31030. Calculate n(-214).
0
Let z(d) = 21*d**3 + 80*d**2 - 236*d - 19. Determine z(2).
-3
Let a(x) = x**3 - 264*x**2 + 3948*x + 4968. Determine a(248).
8
Let z(u) = u**3 - 65*u**2 - 9*u + 2189. Calculate z(6).
11
Let m(q) = 332279*q - 14287995. Give m(43).
2
Let w(n) = -160*n + 57458. Determine w(352).
1138
Let z(o) = -2418*o - 36170. Calculate z(-15).
100
Let c(w) = -228818*w + 31805694. What is c(139)?
-8
Let v(b) = 9*b**3 + 5*b**2 - 118*b + 116. Give v(1).
12
Let y(j) = 7306*j - 299301. Give y(41).
245
Let v(y) = y**3 + 788*y**2 - 11333*y + 1476. Determine v(14).
6
Let l(w) = 3*w**3 + 41*w**2 + 13*w + 1084. Determine l(-15).
-11
Let l(q) = -66*q**2 + 2844*q - 253. Give l(43).
5
Let c(i) = 77*i - 5904. Give c(109).
2489
Let j(d) = 8953*d**2 - 35867*d - 40. Determine j(4).
-260
Let t(r) = 708*r - 31855. Determine t(45).
5
Let z(t) = -14878*t + 44599. Determine z(3).
-35
Let g(k) = -4*k**2 - 186496*k - 186496. Determine g(-1).
-4
Let s(r) = 446*r - 56267. Calculate s(126).
-71
Let h(d) = -d**3 - 12*d**2 - 68*d - 282. Calculate h(-7).
-51
Let o(m) = 11*m**2 - 50*m + 262. What is o(6)?
358
Let b(a) = a**3 - 3*a**2 - 30*a - 156. Give b(8).
-76
Let i(c) = c**2 + 1657816*c - 9946885. Give i(6).
47
Let r(p) = p**2 - 260*p + 12427. What is r(194)?
-377
Let k(c) = 10*c**2 - 9221*c - 8567. Calculate k(923).
-260
Let g(r) = r**3 + 4*r**2 - 303*r - 2459. Determine g(-11).
27
Let o(p) = -13*p**3 + p**2 - 662*p - 661. What is o(-1)?
15
Let t(p) = -10*p**3 - 20*p**2 + 740*p + 1505. Give t(-2).
25
Let x(s) = -9*s**3 - 46*s**2 + 680*s + 3433. What is x(-5)?
8
Let r(v) = v**2 - 199945*v